et w = 43 + i. Suppose -4*m = -7*m + w. What is the remainder when m is divided by 1?
0
Let v = -7505 + 7886. What is the remainder when v is divided by 45?
21
Suppose -7 = 3*u - 25. Let i = 199 - 116. Suppose -i = -5*r - a, -u*a - 40 = -2*r - 3*a. What is the remainder when 58 is divided by r?
7
Let x be 34/6 - (-24)/(-36). Suppose -2*h - 527 - 401 = -x*y, -4*y + 740 = -h. Suppose 0 = 5*q - q - y. What is the remainder when q is divided by 12?
10
Suppose -2*v + 422 = w, -1264 = -3*w - 1413*v + 1409*v. What is the remainder when w is divided by 417?
3
Suppose -2*c = q - 9, -4*c - 5 = -q + 4. What is the remainder when q is divided by (7 - 3) + 8 + -4 + (15 - 20)?
0
Suppose -4 = -2*c + 8. Suppose 4*n - 10 = q + 21, -3*n - 5*q = -c. Suppose 99 = 2*o + n*o. What is the remainder when 19 is divided by o?
8
Let d = 60 + -40. Let x be ((48/d)/3)/(12/90). Suppose -5*c = -x - 119. Calculate the remainder when c is divided by 7.
4
What is the remainder when (1/((-7)/(-14126)) + -4 - 6) + -6 is divided by 72?
58
Suppose -6*s + 2*v = -9 - 241, -3*s = v - 139. Calculate the remainder when 567 is divided by s.
39
Let m be (-5 - (8 - 6)) + 421. Suppose 44*c - 62*c = -m. Suppose o - 16 = -o. Calculate the remainder when c is divided by o.
7
Calculate the remainder when 1/(-11) + (-7416)/(-22) is divided by 91.
64
Suppose -3*w - 2*w + 1345 = 0. Suppose 0 = -3*x - 5*f + 24, 276*f = 5*x + 278*f - 78. What is the remainder when w is divided by x?
17
Let p = 89 - 86. Suppose -p*c + 262 = -4*y, y = -4*c + 5*c - 88. Let q = 17 - -7. Calculate the remainder when c is divided by q.
18
Suppose -53*s - 3*b = -55*s + 741, 2*b = -2*s + 736. What is the remainder when s is divided by 72?
9
Let q(t) = -t**3 + 9*t**2 + 8*t - 10. Let d be q(10). What is the remainder when 254 is divided by d/4*(-4 - -2)?
14
Let h = 133 - 41. Suppose 21*n - 248 = 16*n + 2*p, p = -2*n + h. What is the remainder when 147 is divided by n?
3
Let a(k) = 2 + 11*k - 9*k + 23 + 2*k. Calculate the remainder when (-257)/(-3) - 3/(-9) is divided by a(5).
41
Suppose 3*w = -o + 50071, 5*w + 415*o = 418*o + 83475. What is the remainder when w is divided by 34?
32
Suppose -23645*z + 16 = -23643*z. Calculate the remainder when 449 is divided by z.
1
Suppose 1266 = 3*o - 3*c, -1624 = -2*o + c - 775. Calculate the remainder when o is divided by 36.
31
Suppose -21 = -a - 3*u, 0 = 2*a - 2*u - 2 - 32. Let k(t) = t**3 - 4*t**2 + 9. Suppose -5*q = 4 - 29. What is the remainder when k(q) is divided by a?
16
Let m(v) = -99*v**3 - 487*v**2 - 488*v. What is the remainder when m(-1) is divided by 52 - -2*3/3?
46
Suppose 5*z + 5*a + 4 = -21, 2*z + 4*a = -16. What is the remainder when 147 is divided by (2 - (-6)/(-2))/(z/74)?
36
Suppose 637 = -3*w - 4*w. Let b = w - -91. Suppose 5*z + 5*x - 450 = b, 4 = -4*x - 4. Calculate the remainder when z is divided by 19.
16
Suppose -12*f + 2*r + 249 = -7*f, 3*f - r - 149 = 0. Calculate the remainder when 523 is divided by f.
33
Let g(m) = 504*m + 2527. Calculate the remainder when 469 is divided by g(-5).
0
Let w(l) = -17*l**2 + 601*l - 101. Calculate the remainder when 114 is divided by w(35).
5
Suppose -4*i - m + 395 = -290, 5*i - 3*m - 835 = 0. Suppose 5*v - i + 0 = 0. Calculate the remainder when 99 is divided by v.
31
Let z be (0 - 1) + -4 + 27/3. Calculate the remainder when 197 is divided by (-34)/z*(-528)/66.
61
Let r(z) = -z**3 - 3*z**2 - 11*z - 2. Let h be r(-7). Suppose 27*b - h = 296. What is the remainder when 71 is divided by b?
8
Let y(v) = -4*v**2 + 277*v + 120. Calculate the remainder when y(69) is divided by 32.
29
Let l = -1053 + 1065. Suppose 1396 - 5246 = -22*o. Calculate the remainder when o is divided by l.
7
What is the remainder when 389 is divided by 25 + 0 + (-792)/(-36)?
13
Suppose -8 = -2*l, -l = 3*n + 2*l - 117. Let f(h) be the first derivative of -5*h**2/2 - 36*h - 13. Calculate the remainder when n is divided by f(-12).
11
Suppose -9*h + 11*h + 6 = 0. Let i be (-6)/(-3 + h/(-3)). Let j = i + 27. Calculate the remainder when j is divided by 18.
12
Let r = -142 - -142. Suppose -k + 4*j + r = -19, -2*j + 6 = 0. Calculate the remainder when 52 is divided by k.
21
Let x = 32 + -34. Let v be -2 + (4 - -55) + x. Let k = v + -30. Calculate the remainder when k is divided by 7.
4
Suppose -4*s - 2 = -3*x, -5*s - 3*x = 10 + 6. Calculate the remainder when (2 - (s + 7))*25/(-3) is divided by 21.
4
Let f(y) = 879*y - 7720. What is the remainder when f(9) is divided by 0 - (-1 - 26/2)?
9
Let q = -10599 + 12504. What is the remainder when q is divided by 22?
13
Suppose 65*s + 120 = 50*s. Calculate the remainder when 105 is divided by (-76)/((-84)/112 - (-10)/s).
29
Suppose 5*a = -10, -4*k + 10389 = -5*a - 18521. Calculate the remainder when k is divided by 13.
10
Let h(n) = n**3 - 6*n**2 - 4*n - 16. Let z = 1603 - 1575. Calculate the remainder when h(9) is divided by z.
23
Let o(n) = 5*n - 4. Suppose 70*k - 29887 = -41*k - 98*k. What is the remainder when k is divided by o(4)?
15
Calculate the remainder when (-1 - (-2 + 11 + -4)) + 2691 + 5 is divided by 142.
134
Let j(a) = -a - 18. Let x(s) = -6. Let w(m) = -3*j(m) + 8*x(m). Let v(b) = 1. Let u(p) = -4*v(p) + w(p). What is the remainder when u(12) is divided by 10?
8
Let b(v) = v**3 + 6*v**2 - 3*v + 2. Calculate the remainder when 11894/152 + (-45)/20 is divided by b(-6).
16
Calculate the remainder when 1047 is divided by (2/(-3)*19)/(3/(-36)).
135
Let y(p) = -3*p - 2*p**2 + 7*p**2 + 3*p**2 - p**3 + 18*p - 33. Suppose -5*f + 657 = -173. What is the remainder when f is divided by y(9)?
19
Let i = -17 + 9. Let g(r) = -r**3 - 10*r**2 - 17*r + 19. What is the remainder when g(i) is divided by 11?
5
Let s(b) = 24*b**2 + 154*b + 156. Let j be 178/10 - 1/(-5). Suppose 3*t = -0*t + j. Calculate the remainder when s(-1) is divided by t.
2
Suppose -r + 3*r - 870 = -13*r. What is the remainder when 164 is divided by r?
48
Let o(k) = 2*k**2 - 4*k + 4. Let s be o(4). Let q be 27/6*-1*s/(-15). Let i = 15 - q. Calculate the remainder when 60 is divided by i.
6
Let s be (-8528)/(-7) + (-20)/70. Suppose 9*h = 2*h + s. Let n(p) = 46*p**2 - p - 1. What is the remainder when h is divided by n(1)?
42
Let y(h) = -4*h**3 + 6*h**2 + 2*h - 8. Let x be y(3). What is the remainder when (-2)/(-1)*(-588)/x is divided by 14?
7
Let d = -1955 - -1972. What is the remainder when d is divided by 1?
0
Suppose -321*n + 116480 = -265*n. Calculate the remainder when n is divided by 209.
199
Let n(g) be the first derivative of g**2 - 3*g - 4. Let y be n(-3). Let f(o) = -8*o - 27. What is the remainder when f(y) is divided by 10?
5
Suppose 5*h - 140 = -5*y, -21*h = 4*y - 20*h - 127. Calculate the remainder when 621 is divided by y.
27
Suppose 474 = -130*o + 136*o. What is the remainder when 261 is divided by o?
24
Suppose 3*f = 5*x + 58, -10 = 6*x - x. Suppose 2*z - r - 95 = 0, -21*z - 5*r = -25*z + 199. What is the remainder when z is divided by f?
14
Let j = 348 - -6. Calculate the remainder when j is divided by 94.
72
Let g = 75 + -71. Let o(r) = 17*r - 17. Calculate the remainder when o(g) is divided by 31.
20
Suppose -t + 20*f + 104 = 18*f, t = 3*f + 103. What is the remainder when 311 is divided by t?
99
Let o(l) = -l**3 - 5*l**2 + 26*l - 76. Calculate the remainder when 139 is divided by o(-9).
13
Let v(c) = c**2 - c - 3. Let p(u) = u**3 + 4*u**2 - u - 10. Let j be p(0). Calculate the remainder when v(j) is divided by 37.
33
Let q(g) = -g**3 + 13*g**2 - g + 24. Let a(h) = -h**3 + 7*h + 7. Let n be a(-3). What is the remainder when 22 is divided by q(n)?
0
Let v be 2/((-1 - -2)/88). Let o = -74 + v. Let d = 225737 - 225711. Calculate the remainder when o is divided by d.
24
Suppose 4*k - 151 = 3*k - 3*r, 4*k + r - 626 = 0. Let t = -5 + 10. Calculate the remainder when k is divided by t.
2
Suppose -7*i = -248 + 52. Suppose i + 7 = 5*v. What is the remainder when 118 is divided by ((-40)/(-14))/(1/v)?
18
Suppose -5*w + 164 = 2*b, 2*w = 344*b - 341*b - 132. Suppose z - 20 + 6 = 0. Calculate the remainder when b is divided by z.
10
Suppose -32*a + 1040 - 976 = 0. Calculate the remainder when 955 is divided by a.
1
Suppose 0 = 15*p - 1125 - 2910. What is the remainder when p is divided by 49?
24
Let x = 14 - 10. Suppose -x*n - 58 = -154. Calculat